?
3
Let q = 236 - 229. Let k(g) = 4*g**2 - 16*g - 10. What is the tens digit of k(q)?
7
Let n = 373 - 373. Suppose 3*i + 5*y = 4*i - 137, n = -5*y - 15. What is the hundreds digit of i?
1
Let m be 4/(-26) + 446/26. Let s = m + 109. What is the tens digit of s?
2
Let y = 2414 + 192. Suppose 5*z - y = 79. What is the hundreds digit of z?
5
Let k(w) = w**2 + 12*w + 42. Let s be k(-8). Suppose -20*o + 5070 = -s*o. What is the tens digit of o?
0
Let p = 39 - -1664. What is the tens digit of p?
0
What is the units digit of 89668/(-87)*1/(16/(-36))?
9
Let d = 388 - 230. What is the units digit of 16/72*9*d/4?
9
Let o(v) = v**3 + 12*v**2 + 7*v + 5. Suppose 0 = -2*r - n + 3*n - 2, 4*r = 2*n - 12. Let k be o(r). What is the units digit of (-2)/11 - k/(-11)?
3
Let q = 200 + -274. Let y = q - -356. What is the hundreds digit of y?
2
Suppose -11*g + 33*g - 26202 = 0. What is the hundreds digit of g?
1
Suppose -v = -3*v - 8, -2*f + 2*v = -6694. What is the thousands digit of f?
3
Let p(z) = -26*z**3 + 8*z**2 + 14*z + 19. Let k be (-5 - (-2)/(-1)) + 3. What is the units digit of p(k)?
5
Let a = 130623 - 45707. What is the units digit of a?
6
Let h(l) be the second derivative of -l**4/3 + 55*l**3/6 + 6*l**2 + 5*l + 1. What is the units digit of h(11)?
3
Suppose 4*f = -3*r + 8, 5*f + 7 = -4*r + 16. Suppose f*a - 740 = -s + 3*s, a - s = 145. Suppose -a - 24 = -q. What is the units digit of q?
4
Let a be (56/(-24))/(28/(-24)). Let v be ((-6)/(0 + -3))/1. Suppose 5*w + 81 = v*s + s, 5*s - 135 = a*w. What is the tens digit of s?
2
Let u = 29 + -47. Let k be 4/u - (-418)/99. Suppose -3*o - o + 44 = w, -k*w + 121 = 5*o. What is the units digit of w?
4
Let u(f) = -f**3 + 3*f**2 - 2*f. Let x be u(2). Suppose x = -5*g, 98 = 3*z - 4*g - 16. Let o = z - -7. What is the units digit of o?
5
Let t(q) = 22*q**2 - 16*q + 574. What is the thousands digit of t(19)?
8
Let m(f) = 4*f + 39. Let u(w) be the second derivative of -w**5/20 - 2*w**4/3 - w**3 - w**2/2 + 25*w. Let l be u(-7). What is the units digit of m(l)?
7
Suppose f - 25569 = -t, 64*t - 51138 = 62*t + 3*f. What is the tens digit of t?
6
Suppose -442*d + 444*d - 25802 = -z, 0 = -5*z + 10. What is the ten thousands digit of d?
1
Suppose 5*s - 4*j = 2092, 0*s + 3*s = j + 1258. Let k = s + -79. What is the units digit of k?
1
Suppose -r - 3*r = -3*d - 1491, r + 4*d - 387 = 0. Suppose -2*s = -4*z + 1506, -z + 0*s = -s - r. What is the units digit of z?
8
Let x = -328 + 319. Let t(h) = h**3 + 14*h**2 - 3*h + 30. What is the units digit of t(x)?
2
Suppose 0 = -b + 5*r + 9, 0*b = -4*b + 4*r + 36. Let j be 12/b*(-3)/(-2). What is the units digit of j/(-4) + 875/10?
7
Let k = -9034 - -30616. What is the ten thousands digit of k?
2
Suppose -5*s = 3*q - 139, 0 = -2*q - 2*s + s + 102. Suppose -v = q - 141. What is the tens digit of v*((-3)/(-14) + (-12)/(-42))?
4
Let n(g) = 19*g**3 + 2*g**2 - 2*g + 2. Let s be n(-3). Let o = 379 - s. What is the tens digit of o?
6
Suppose -14*k - 50 = -92. Let b be (-1 - (3 - 5)) + 99. Suppose b + 107 = k*j. What is the tens digit of j?
6
What is the thousands digit of 11816 - (-93)/(-62)*4/(-3)?
1
Suppose 12*u - 338 = -u. Let h be 1 + -1 - 226 - (29 - u). Let g = 497 + h. What is the hundreds digit of g?
2
Let k(r) = 265*r**2 + 29*r - 56. What is the tens digit of k(3)?
1
Let n(p) = 2*p + 16. Let m be n(-9). Let o be (m + 20/25)/((-4)/10). Suppose -o*j = j - 748. What is the hundreds digit of j?
1
Suppose -3*i - 1 + 4 = 0. Let y be ((-79)/(-4))/(i/4). Suppose -5*k = 2*w - y, -w - 5*k + 111 = 2*w. What is the tens digit of w?
3
Let i = -57 - -59. Suppose 4 = -2*j + 3*z - i*z, -16 = -2*j - 4*z. Suppose -5*m - 167 + 647 = j. What is the units digit of m?
6
Let m = -12039 - -20752. What is the thousands digit of m?
8
Let n be ((-16)/4 - -2) + 832/2. Suppose 2*f + 2*p - n = 0, -5*f + 683 = 2*p - 343. What is the tens digit of f?
0
Let f(g) = 3. Let d(u) = 100*u - 6. Let v(a) = d(a) + 4*f(a). What is the units digit of v(8)?
6
Let x(w) = -4*w**2 + 21*w + 27. Let o(m) = -4*m**2 + 20*m + 27. Let k(z) = 6*o(z) - 7*x(z). What is the tens digit of k(-12)?
7
Let p(b) = -4*b**3 + 4*b + 3. Let i be p(-1). Let y be 1 + 21 + 3/i. Let g = y + 120. What is the tens digit of g?
4
Suppose 2*w = 4, -22 = -3*d - d - 5*w. Let g be (-4)/18 + (-1088)/(-36). Suppose 174 = d*a + g. What is the units digit of a?
8
Let s(k) = 2627*k**3 + 14*k**2 - 12*k - 2. What is the thousands digit of s(1)?
2
Let b be 40 - 39 - (-1)/2*0. What is the units digit of 100/150*(850 - b)?
6
Suppose 0 = 2*z - 37 - 39. Suppose x + m - 26 = 0, 2*m - 5*m - z = -x. Let h = x - -95. What is the tens digit of h?
2
Let m be 0/(-1) - (0 - 3). Let f(v) = 5*v**2 - 140*v - 276. Let a be f(-2). What is the tens digit of (-36)/(m*(-4)/a)?
7
Let y(n) = 94*n**2 + 2*n**3 - 26*n**2 - 3247*n + 36 + 3244*n. What is the tens digit of y(-34)?
3
Let d(r) = r**3 - 9*r**2 + 12*r + 19. Let g be d(7). Suppose g*a = -262 + 637. What is the tens digit of a?
7
Let w(s) = -s - 3. Suppose -5*a + 76 = 71. Let o be w(a). What is the units digit of 5/(o + -1)*-2?
2
Let c(m) = 2859*m**2 - 261*m - 1082. What is the units digit of c(-4)?
6
Suppose 3*y + 2 + 61 = 0. What is the tens digit of (502/6)/((-70)/y - 3)?
5
Suppose 74 = 15*v - 31. Let q = -3 + v. What is the units digit of q/18 + 5456/72?
6
Let y be (-3)/(-1)*(-4)/(-3). Suppose 0 = -5*z + 4*b + 3183, 120*b - 123*b = -z + 630. What is the tens digit of (z/(-12))/((5/y)/(-5))?
1
Suppose 61*b - 14*b = 195520. What is the tens digit of b?
6
Let g be 4/2*(-35)/(-10). Suppose 1271 = 4*h + 4*c - g*c, c = -5*h + 1565. Let w = h + -201. What is the tens digit of w?
1
Suppose 68640 + 293362 + 105773 = 35*t. What is the tens digit of t?
6
Suppose -20*b + 23*b - 143356 = -5*j, 0 = -b - 4*j + 47790. What is the ten thousands digit of b?
4
Suppose -11*k - 3*k - 774 = -16510. What is the units digit of k?
4
Let b(r) = 2*r**2 - 9*r + 14. Let f be b(2). Suppose -24 = -2*p - f. Suppose 128 = -p*c + 1718. What is the units digit of c?
9
Let p be 2*-394 - 29/(-29). Let s = -374 - p. What is the units digit of s?
3
Let s be ((-3342)/(-8))/(1/(-96)). What is the hundreds digit of (-11)/(616/s) + 1/(-7)?
7
Let y(p) = -p**2 + 13*p + 2. Let i be y(9). Let m = -38 + i. Suppose -6*n + 0*n + 408 = m. What is the units digit of n?
8
Let w(v) = 101*v**2 + 11*v - 68. What is the tens digit of w(7)?
5
Suppose -2*y + 563 = -5*g - 1456, 4*y = -5*g + 4113. What is the units digit of y?
2
Suppose -2 = g - 9. Suppose 2 = j, -5*j = -g*n + 3*n - 406. Let y = -34 - n. What is the tens digit of y?
6
Let c = 14 + -95. What is the hundreds digit of (4/24)/((-4)/56)*c?
1
Let s(z) = -z - 11. Let c be s(0). Let m(h) = -982 + 301 + 315 - 21*h + 315. What is the units digit of m(c)?
0
Let y(o) = -2*o**2 + 9 - 5*o**3 - 13*o**2 + 7*o**3 + 7*o**2 + 5*o. What is the hundreds digit of y(8)?
5
Let v = -67 + 974. Let z = v + -601. What is the hundreds digit of z?
3
Suppose -3 + 6 = -3*g, -2*g + 10 = -4*d. Let u be 4 - (1 - (d - -3)). Suppose -u*s + 5 = -13. What is the units digit of s?
6
Let z = -53 + 94. Suppose -z = k - 43. Suppose -832 = k*h - 10*h. What is the units digit of h?
4
Let o be (20/8)/((-9)/(-2628)). Let v = o - 359. What is the hundreds digit of v?
3
What is the thousands digit of (-64)/(-176) - 1052148/(-66)?
5
Let x(b) = -35377*b + 35356*b - 142 + 51. What is the hundreds digit of x(-10)?
1
What is the units digit of 189/28*44 + -9?
8
Let n = -5551 - -9496. Suppose 4*h + n = 5*y, -5 = -9*h + 8*h. What is the units digit of y?
3
Let v be 4/8 - 46/(-4). Suppose -25*k = -29*k + v. Suppose -2*a + 5*n + 290 = 9*n, 5*a = k*n + 686. What is the hundreds digit of a?
1
Let y(r) = -r**3 - 11*r**2 - 17*r + 10. Let m be y(-9). Suppose -3*d + m = 4*t, t + 3*t = -d + 11. What is the hundreds digit of 96*(55/(-20) - d)?
2
What is the tens digit of (-18)/(-300)*168765 - ((-8)/(-2))/(-40)?
2
What is the tens digit of ((-31356)/(-65) + 4)/(1/5)?
3
Suppose 5*b + 4*x = 27571, 2*b + 2*x - 2405 = 8621. What is the tens digit of b?
1
Suppose -55519 = -77*g + 28180. What is the hundreds digit of g?
0
Let b(o) = 349*o - 355. What is the thousands digit of b(15)?
4
Let w(a) be the second derivative of 19*a**3/6 - 25*a**2 - 86*a. What is the hundreds digit of w(11)?
1
Suppose -4*